{"id":2043,"date":"2022-09-13T11:13:01","date_gmt":"2022-09-13T09:13:01","guid":{"rendered":"https:\/\/oh-bowling.fr\/?page_id=2043"},"modified":"2022-09-13T11:19:27","modified_gmt":"2022-09-13T09:19:27","slug":"mentions-legales","status":"publish","type":"page","link":"https:\/\/oh-bowling.fr\/index.php\/mentions-legales\/","title":{"rendered":"Mentions L\u00e9gales"},"content":{"rendered":"<p>[vc_row][vc_column][vc_column_text]<\/p>\n<p class=\"p1\"><span class=\"s1\">En vigueur au 01\/01\/2023<\/span><\/p>\n<p class=\"p1\"><span class=\"s1\">Conform\u00e9ment aux dispositions des Articles 6-III et 19 de la Loi n\u00b02004-575 du 21 juin 2004 pour la <\/span><span class=\"s1\">Confiance dans l\u2019\u00e9conomie num\u00e9rique, dite L.C.E.N., il est port\u00e9 \u00e0 la connaissance des utilisateurs et <\/span><span class=\"s1\">visiteurs, ci-apr\u00e8s l'&#8221;<b>Utilisateur<\/b>&#8220;, du site www.oh-bowling.fr , ci-apr\u00e8s le &#8220;<b>Site<\/b>&#8220;, les pr\u00e9sentes <\/span><span class=\"s1\">mentions l\u00e9gales.<\/span><\/p>\n<p class=\"p1\"><span class=\"s1\">La connexion et la navigation sur le Site par l\u2019Utilisateur implique acceptation int\u00e9grale et sans r\u00e9serve <\/span><span class=\"s1\">des pr\u00e9sentes mentions l\u00e9gales.<\/span><\/p>\n<p class=\"p1\"><span class=\"s1\">Ces derni\u00e8res sont accessibles sur le Site \u00e0 la rubrique \u00ab Mentions l\u00e9gales \u00bb.<\/span><\/p>\n<p>[\/vc_column_text][\/vc_column][\/vc_row][vc_row][vc_column][vc_column_text]<\/p>\n<p class=\"p1\"><span class=\"s1\"><b>ARTICLE 1 &#8211; L&#8217;EDITEUR<\/b><\/span><\/p>\n<p class=\"p1\"><span class=\"s1\">L&#8217;\u00e9dition du Site est assur\u00e9e par SAS oh bowling au capital de 7500 euros, immatricul\u00e9 <\/span><span class=\"s1\">au Registre du Commerce et des Soci\u00e9t\u00e9s de NANTERRE sous le num\u00e9ro 911622405 dont le si\u00e8ge <\/span><span class=\"s1\">social est situ\u00e9 au 47 AVENUE DE L&#8217;EUROPE 92400 COURBEVOIE,<\/span><\/p>\n<p class=\"p1\"><span class=\"s1\">Num\u00e9ro de t\u00e9l\u00e9phone 0609783241,<\/span><\/p>\n<p class=\"p1\"><span class=\"s1\">Adresse e-mail : <a href=\"mailto:contact.ohbowling@gmail.com\">contact.ohbowling@gmail.com<\/a><\/span><\/p>\n<p class=\"p1\"><span class=\"s1\">N\u00b0 de TVA intracommunautaire : fr48911622405<\/span><\/p>\n<p class=\"p1\"><span class=\"s1\">Le Directeur de la publication est Gauthier GALET<\/span><\/p>\n<p class=\"p1\"><span class=\"s1\">ci-apr\u00e8s l'&#8221;<b>Editeur<\/b>&#8220;.<\/span><\/p>\n<p>[\/vc_column_text][vc_empty_space][vc_column_text]<\/p>\n<p class=\"p1\"><span class=\"s1\"><b>ARTICLE 2 &#8211; L&#8217;HEBERGEUR<\/b><\/span><\/p>\n<p class=\"p1\"><span class=\"s1\">L&#8217;h\u00e9bergeur du Site est la soci\u00e9t\u00e9 OVH, dont le si\u00e8ge social est situ\u00e9 au 2 rue Kellermann &#8211; 59100<\/span><\/p>\n<p class=\"p1\"><span class=\"s1\">Roubaix &#8211; France , av<b>ec le num\u00e9ro de t\u00e9l\u00e9phone : _______________ + adresse mail de contact<\/b><\/span><\/p>\n<p>[\/vc_column_text][vc_empty_space][vc_column_text]<\/p>\n<p class=\"p1\"><span class=\"s1\"><b>ARTICLE 3 &#8211; ACCES AU SITE<\/b><\/span><\/p>\n<p class=\"p1\"><span class=\"s1\">Le Site est accessible en tout endroit, 7j\/7, 24h\/24 sauf cas de force majeure, interruption <\/span><span class=\"s1\">programm\u00e9e ou non et pouvant d\u00e9coulant d\u2019une n\u00e9cessit\u00e9 de maintenance.<\/span><\/p>\n<p class=\"p1\"><span class=\"s1\">En cas de modification, interruption ou suspension du Site, l&#8217;Editeur ne saurait \u00eatre tenu responsable.<\/span><\/p>\n<p>[\/vc_column_text][vc_empty_space][vc_column_text]<\/p>\n<p class=\"p1\"><span class=\"s1\"><b>ARTICLE 4 &#8211; COLLECTE DES DONNEES<\/b><\/span><\/p>\n<p class=\"p1\"><span class=\"s1\">Le Site assure \u00e0 l&#8217;Utilisateur une collecte et un traitement d&#8217;informations personnelles dans le respect <\/span><span class=\"s1\">de la vie priv\u00e9e conform\u00e9ment \u00e0 la loi n\u00b078-17 du 6 janvier 1978 relative \u00e0 l&#8217;informatique, aux fichiers <\/span><span class=\"s1\">et aux libert\u00e9s.<\/span><\/p>\n<p class=\"p1\"><span class=\"s1\">En vertu de la loi Informatique et Libert\u00e9s, en date du 6 janvier 1978, l&#8217;Utilisateur dispose d&#8217;un droit <\/span><span class=\"s1\">d&#8217;acc\u00e8s, de rectification, de suppression et d&#8217;opposition de ses donn\u00e9es personnelles. L&#8217;Utilisateur <\/span><span class=\"s1\">exerce ce droit :<\/span><\/p>\n<p class=\"p1\"><span class=\"s1\">Par voie postale \u00e0 OH BOWLING 47 avenue de l\u2019Europe 92400 COURBEVOIE\u00a0<\/span><\/p>\n<p class=\"p1\"><span class=\"s1\">Toute utilisation, reproduction, diffusion, commercialisation, modification de toute ou partie du Site, <\/span><span class=\"s1\">sans autorisation de l\u2019Editeur est prohib\u00e9e et pourra entra\u00een\u00e9e des actions et poursuites judiciaires <\/span><span class=\"s1\">telles que notamment pr\u00e9vues par le Code de la propri\u00e9t\u00e9 intellectuelle et le Code civil.<\/span><\/p>\n<p>[\/vc_column_text][\/vc_column][\/vc_row]<\/p>\n","protected":false},"excerpt":{"rendered":"<p>[vc_row][vc_column][vc_column_text] En vigueur au 01\/01\/2023 Conform\u00e9ment aux dispositions des Articles 6-III et 19 de la Loi n\u00b02004-575 du 21 juin 2004 pour la Confiance dans l\u2019\u00e9conomie num\u00e9rique, dite L.C.E.N., il est port\u00e9 \u00e0 la connaissance des utilisateurs et visiteurs, ci-apr\u00e8s l&#8217;&#8221;Utilisateur&#8220;, du site www.oh-bowling.fr , ci-apr\u00e8s le &#8220;Site&#8220;, les pr\u00e9sentes mentions l\u00e9gales. La connexion et la navigation sur le Site par l\u2019Utilisateur implique acceptation int\u00e9grale et sans r\u00e9serve des pr\u00e9sentes mentions l\u00e9gales. Ces derni\u00e8res sont&hellip;<\/p>\n","protected":false},"author":1,"featured_media":0,"parent":0,"menu_order":0,"comment_status":"closed","ping_status":"closed","template":"","meta":{"footnotes":""},"class_list":["post-2043","page","type-page","status-publish","hentry"],"acf":[],"_links":{"self":[{"href":"https:\/\/oh-bowling.fr\/index.php\/wp-json\/wp\/v2\/pages\/2043","targetHints":{"allow":["GET"]}}],"collection":[{"href":"https:\/\/oh-bowling.fr\/index.php\/wp-json\/wp\/v2\/pages"}],"about":[{"href":"https:\/\/oh-bowling.fr\/index.php\/wp-json\/wp\/v2\/types\/page"}],"author":[{"embeddable":true,"href":"https:\/\/oh-bowling.fr\/index.php\/wp-json\/wp\/v2\/users\/1"}],"replies":[{"embeddable":true,"href":"https:\/\/oh-bowling.fr\/index.php\/wp-json\/wp\/v2\/comments?post=2043"}],"version-history":[{"count":2,"href":"https:\/\/oh-bowling.fr\/index.php\/wp-json\/wp\/v2\/pages\/2043\/revisions"}],"predecessor-version":[{"id":2047,"href":"https:\/\/oh-bowling.fr\/index.php\/wp-json\/wp\/v2\/pages\/2043\/revisions\/2047"}],"wp:attachment":[{"href":"https:\/\/oh-bowling.fr\/index.php\/wp-json\/wp\/v2\/media?parent=2043"}],"curies":[{"name":"wp","href":"https:\/\/api.w.org\/{rel}","templated":true}]}}